2, 19
Suppose -2*b = -6*b + 300. What are the prime factors of b?
3, 5
Let p = 1 - 4. Suppose 3*v + v = 8. List the prime factors of -1*(v + -1) - p.
2
Suppose 4*m = -5*o - 33, 5*m = 3*o - 38 + 6. Let a(p) = p**2 + 4*p - 3. What are the prime factors of a(m)?
2, 3
Let z(p) = p - 5. Let m be z(7). Let l be 2 - (-2 + m)/(-1). Suppose 5*y + 1 = 4*v - 0, -26 = -5*v - l*y. What are the prime factors of v?
2
Let z = -25 + 34. Let f(g) = -2*g**2 + 20*g + 13. List the prime factors of f(z).
31
Let j = 1 + 24. List the prime factors of j.
5
Suppose 2*r - 99 = 3*s, -3*s = -20*r + 16*r + 195. List the prime factors of r.
2, 3
Let v = -17 + 26. Suppose -1 = -c + v. List the prime factors of c.
2, 5
Let x(k) = k**2 - 4*k - 1. Let v be -1 + -1*2*1. Let a be x(v). Let g = a - 8. What are the prime factors of g?
2, 3
Let a(n) = -n**3 + 8*n**2 - 6*n + 3. Suppose 1 = r - 2, 120 = 5*f + 5*r. Suppose -f - 14 = -5*p. What are the prime factors of a(p)?
2, 5
Let c(t) = -t**3 - 6*t**2 - 3*t - 6. Let r be c(-6). Suppose 3*d + d - 8 = 0. What are the prime factors of r/2 - 1 - d?
3
What are the prime factors of 69/12*220/5?
11, 23
Let p(n) be the first derivative of -n**3/3 + 13*n**2/2 - 10*n + 5. List the prime factors of p(12).
2
Let f(q) = -q**2 - 12*q + 13. Let h(r) = -r**2 + 3*r - 1. Let y be h(5). List the prime factors of f(y).
2, 3
Let b(y) = 32*y. Let u be b(4). Suppose 2*q = -5*d - 0*d - 36, 5*q + 3*d = -u. What are the prime factors of (0 - 7)*24/q?
2, 3
Suppose -v = 2*q - 139, -5*q + 429 - 77 = -2*v. What are the prime factors of q?
2, 5, 7
Suppose -3*i + 76 = 2*l, -4*i - 3*l + 109 = -8*l. Suppose 4*k = -5*s + i + 93, -5*s + 116 = k. What are the prime factors of s?
23
Let c be (4/((-8)/10))/(-1). Suppose -3*i + 2*m = -55, -c*i - m - m + 81 = 0. List the prime factors of i.
17
Let j(f) = -5*f + 14. What are the prime factors of j(-2)?
2, 3
Suppose 0 = -i + 21 + 32. List the prime factors of i.
53
Let i = 1 - 19. Let b be (-8)/3*i/8. Let l(t) = 3*t - 4. List the prime factors of l(b).
2, 7
Let v(t) = -t**3 - 3*t**2 + 2*t + 3. Let q be v(-5). Suppose -2*w = -n + 2*n - q, -29 = -w + n. What are the prime factors of w?
2, 3
Let c = 1 - -1. Suppose -30 = f + 4*f. List the prime factors of 10*(9/f + c).
5
Let p(x) = x**2 + 7*x + 9. Let h be p(-6). Let t(g) = -g**2 + 5*g - 2. Let f be t(h). What are the prime factors of f/(-14) - 176/(-28)?
2, 3
Suppose -4*o + 11 = -5*v, -2*v - o = o - 10. Suppose x = 0, a - 4*x = -a + 8. What are the prime factors of (a/(-8))/(v/(-38))?
19
Suppose 12 = f + 3*f, -4*u - f + 123 = 0. Suppose 0 = -5*b + 3*b + u. What are the prime factors of b?
3, 5
Let c(p) = p**3 + 13*p**2 + 8*p - 17. List the prime factors of c(-12).
31
Suppose -2*c - 2*c = -8. Suppose 0 = c*l + 3*l - 10. List the prime factors of 5 - -2 - (l + -3).
2
Let a = -11 + 39. List the prime factors of a.
2, 7
Suppose -5*q + 5*g = -165, q - 2*g + 54 = 3*q. Suppose q = -5*w + 95. What are the prime factors of w?
13
Let h(s) = s**3 - s**2 - s + 13. What are the prime factors of h(0)?
13
Let l be 3 - (21 + 0) - -3. Let a = -5 - l. List the prime factors of a.
2, 5
Suppose c = -5*m + 2*c + 10, -4*c = 0. Suppose g - 54 = -m*g. Suppose 2*n = -0*n + g. List the prime factors of n.
3
Let b(c) = c**2 + 4*c - 10. Let g be b(-6). What are the prime factors of (3 - g)*(35 + 0)?
5, 7
Suppose 3*v - 68 = 148. What are the prime factors of v?
2, 3
Let a(z) be the second derivative of z**3/6 - z**2/2 + z. Let v = 3 - -4. What are the prime factors of a(v)?
2, 3
Let k(v) = -v**3 + 8*v**2 + 9*v + 15. What are the prime factors of k(8)?
3, 29
Suppose 3*o + 1 = -3*n + 19, -2*o = 6. Let g = 3 - 2. List the prime factors of (n + -3)*(1 + g).
2, 3
Suppose 2*p - 102 = -4*n, -n = 3*p - 16 - 17. Let v = -16 + n. Let j(g) = g - 4. What are the prime factors of j(v)?
2
Suppose 0 = 4*c - 3*m - 229, 2*c - 63 - 38 = -3*m. Let r = c - 25. List the prime factors of r.
2, 3, 5
Suppose -a - 20 = -5*a. Let z(l) = l**3 - 2*l**2 - 6*l - 5. Let n be z(a). Suppose 0 = -9*m + 4*m + n. What are the prime factors of m?
2
Suppose 2*i - 3 = 5*q - 7, 0 = -3*i + 4*q + 1. Let y = -30 + 50. Suppose y = i*n - 19. List the prime factors of n.
13
Let c = -8 - -1. Let f(w) = -w**2 - 7*w + 3. Let u be f(c). Suppose -m - 24 = -z + 2*m, 0 = 4*z + u*m - 51. List the prime factors of z.
3, 5
Let y(g) be the first derivative of 3*g**2 - 2*g + 1. Let l be y(-2). What are the prime factors of (-30)/(-7) - (-4)/l?
2
Suppose 4*x + x = 65. What are the prime factors of x?
13
Suppose -10 = 2*n - 2, -4*q - 3*n + 256 = 0. What are the prime factors of q?
67
Suppose -7*w + 4*w = 3. Let m be (-3)/1*(9 + 0). List the prime factors of (-1)/(w*(-3)/m).
3
Suppose -472 = -4*t - 4*k, 8*t = 4*t - 3*k + 476. What are the prime factors of t?
2, 61
Let m(k) = 23*k - 1. Let i be m(2). What are the prime factors of -3*(-2)/(-3) + i?
43
Let h(u) = u**2 - u - 7. Let a(m) = -m**2 - 11*m - 5. Let c be a(-10). List the prime factors of h(c).
13
Let z(c) = -c**2 + 7*c + 6. Let s = -7 + 13. List the prime factors of z(s).
2, 3
Suppose 0*x + 500 = 4*x. List the prime factors of x.
5
Let k be (-3 - -1)/(1/6). Let c = -6 - k. What are the prime factors of c?
2, 3
Suppose -3*s + 0*s = 84. Let d = 23 - 25. List the prime factors of (d + s/(-6))*3.
2
Let r(o) = 2*o + 10. Let b be r(10). Suppose 3*a = -2*d - b, -a + 13 + 19 = -4*d. Let s = 17 + d. What are the prime factors of s?
2
Suppose -6 = 4*q - 18. Suppose -4*j + 3*j = -q*n - 19, -5*j - n + 31 = 0. List the prime factors of j.
7
Suppose -3*j - 2*j - 3*a + 233 = 0, -4*a - 16 = 0. List the prime factors of j.
7
Let d(f) = -f**3 - 16*f**2 - f + 13. List the prime factors of d(-16).
29
Suppose -3*y - 2*p - 56 = -4*y, 0 = -3*p - 15. List the prime factors of y.
2, 23
Let w be 6/18 - 34/(-6). Let i = 8 - 4. What are the prime factors of (-26)/(-3) - i/w?
2
Let a = 4 + 6. Suppose a = 2*d - d. List the prime factors of d.
2, 5
Suppose 3*t - 98 = -2*x, -3*x + 3*t + 72 = -60. List the prime factors of x.
2, 23
Suppose 3*c + 2*c - 15 = 0. Suppose c*s = 9, 0 = -o + 2*s + 4 + 25. Let p = -19 + o. What are the prime factors of p?
2
Let z(f) be the third derivative of 1/60*f**5 + 1/15*f**6 + 0 - 1/6*f**3 + 0*f**4 + 0*f - f**2. List the prime factors of z(1).
2
Let p(a) = -6*a + 7. Let r be p(6). Let d = 1 - r. List the prime factors of d.
2, 3, 5
Let h(d) = -d**3 + 6*d**2 - 5*d + 7. Suppose 0*p + 25 = 5*p. What are the prime factors of h(p)?
7
Let w(u) = 2*u**3 + 2*u**2 - 2*u. Let b be w(1). Suppose 0*i + b*i - 110 = -4*h, -i = -4*h + 101. What are the prime factors of h?
2, 13
Let m(o) = 7*o - 8. Let u be m(5). Suppose u = 2*n + n. What are the prime factors of n?
3
Suppose -5*m + 3 + 7 = 0. Let x be -1*(-2 + 1)*m. Let g(h) = h**3 - h**2 + h. What are the prime factors of g(x)?
2, 3
Suppose -l + 6*l = -20. Let h be 16/2*l/(-8). Suppose h*x + 0*x - 48 = d, 2*d = 5*x - 60. List the prime factors of x.
2, 3
Suppose 3*p + 70 = -2*p. Let c be (-2)/5 - (-117)/5. Let n = c + p. List the prime factors of n.
3
Let g = 88 + -51. List the prime factors of g.
37
Let m(n) = n + 3 + 2 + 1. Let l be m(-3). Suppose -5*g + 44 = 2*o + 16, 4*o - l*g - 30 = 0. What are the prime factors of o?
3
Suppose -2*l - 4*t = -l - 74, l = -5*t + 71. Let h be l/18 + (-6)/(-27). Suppose 4*b + 1 = -5*x, 0*x + 5*b = h*x - 35. What are the prime factors of x?
3
Suppose -2*f - 3*f + 138 = 2*s, -3*s + 53 = 2*f. List the prime factors of f.
2, 7
Suppose 5*z + 16 = -4*g, 5*g + 10 + 10 = z. Suppose -2*a - 40 + 144 = z. List the prime factors of a/4 + (-4)/(-2).
3, 5
Let m(d) = 3*d**2 - d. What are the prime factors of m(-3)?
2, 3, 5
Let q = 82 + 60. List the prime factors of q.
2, 71
Let m(a) = -a**3 - 7*a**2 - 7*a + 4. Suppose -5*z - 5*i - 5 = 0, 3*z - 3*i - 3 = z. Let w be (-4)/1 - (2 + z). List the prime factors of m(w).
2, 5
Let o(d) = 3*d + 43. List the prime factors of o(21).
2, 53
Suppose -n - n = -i + 90, -495 = -5*i + n. List the prime factors of i.
2, 5
Suppose 20 = -4*k, 21 = -2*p - 3*k - 2*k. Suppose 20 = -0*b + p*b. What are the prime factors of b?
2, 5
Let v(r) = -r**2 + 4*r - 4. Let c be v(5). Let o = 11 + c. What are the prime factors of o?
2
Suppose -6*l = -2*l + 8, 14 = 3*x - l. What are the prime factors of (x + 1)*(-1 + 2)?
5
Let m(s) = 2